- 4*b. Calculate the remainder when 37 is divided by b.
11
Suppose 2*z = -5*q + 19, 2*q - 19 = -q - 5*z. Suppose 4*j + 77 = q*k, -5*k + 179 = 3*j + 70. Calculate the remainder when 44 is divided by k.
21
What is the remainder when 3*(-2)/(-6)*38 is divided by (3 + -2)/((-1)/(-13))?
12
Let g(y) = y**2 - y + 20. Calculate the remainder when g(11) is divided by 33.
31
Suppose 0 = q - 4*q + 9. Suppose 4*w + q*j = 105 + 14, -j = -4*w + 99. Calculate the remainder when 50 is divided by w.
24
Let v = -63 - -92. What is the remainder when 229 is divided by v?
26
Let f(p) = -5*p + 9. Let k(d) = -d**2 + 9*d - 4. What is the remainder when f(-6) is divided by k(7)?
9
Let r(x) = x**3 + x**2 - x + 60. Let c(s) = s**2 - 6*s + 5. Let d be c(5). Let a be r(d). Suppose 3*k + k = a. What is the remainder when k is divided by 4?
3
What is the remainder when 4 - (-3)/(-3) - -163 is divided by 14?
12
Calculate the remainder when 10 is divided by (-76)/(-28) - 2/(-7).
1
Let k = 0 + 2. Suppose 3*h - 475 = -2*h. Suppose k*j = 7*j - h. Calculate the remainder when j is divided by 10.
9
Let h(l) = 2*l. Let d = -3 - -7. Suppose d*y = 6 + 18. Calculate the remainder when h(5) is divided by y.
4
Let h(j) = j**3 - 8*j**2 + 3*j - 1. Let r = -22 - -30. Calculate the remainder when 89 is divided by h(r).
20
Let r = -39 + 49. Calculate the remainder when 38 is divided by r.
8
Let h be 8/(-12)*93/(-2). Let j = -18 + h. What is the remainder when 37 is divided by j?
11
Let n = -2 - -3. Let v(b) = 11*b**3 - 2*b + 1. Calculate the remainder when v(n) is divided by 6.
4
Suppose 0 = -31*d + 29*d + 90. What is the remainder when d is divided by 24?
21
Suppose 3*z - 164 + 32 = 0. Let t = z - 22. Let d = -17 + 25. Calculate the remainder when t is divided by d.
6
Calculate the remainder when (-26)/(-6)*(-10)/(40/(-12)) is divided by 8.
5
Let c be 0 - (-1)/2*10. Suppose c*t - 52 = t. Calculate the remainder when t is divided by 7.
6
Let y(x) = 5*x - 17. Let h(n) = -3*n + 11. Let o(k) = 8*h(k) + 5*y(k). Let b = 31 - 18. What is the remainder when b is divided by o(4)?
6
Suppose -2*z = 2*z + 4*s + 12, -3*z - 2*s = 13. Let c = 0 - z. Suppose 5*l + 3*a = -0*a + 5, -3*l + 7 = a. What is the remainder when c is divided by l?
3
Let i be 5*(3 - (3 + 1)). What is the remainder when 31 is divided by 5/(i/(-2)) + 6?
7
Suppose -v + j + 46 = 6*j, 3*v - j - 154 = 0. Calculate the remainder when v is divided by 18.
15
Let h(g) = -g + 8. Let k be h(6). Let y = k + -2. Suppose -43 = -n - y. What is the remainder when n is divided by 15?
13
Suppose -4 = -2*j + 2*b + 8, 2*j - 5*b = 6. Calculate the remainder when 39 is divided by j.
7
Suppose 5 + 4 = 3*f. Suppose -3*s - f = -21. Calculate the remainder when 10 is divided by s.
4
Suppose 0 = -3*b + 164 + 79. Let w = b - 40. Let y(p) = -20*p**3 + p**2 - p - 1. Calculate the remainder when w is divided by y(-1).
20
Suppose -4*n + 112 = 2*g - 7*g, 2*g = -3*n + 61. Suppose -s + 27 = -2*f - f, 5*f + 25 = 0. What is the remainder when n is divided by s?
11
Suppose -4*n = -31 + 11. Let t = -3 + n. Calculate the remainder when 61 is divided by (t/(-6))/((-1)/63).
19
Suppose v + 14 = 3*v. Let q(r) = -2*r + 17. What is the remainder when q(v) is divided by 3?
0
Suppose -2*n + 7 = s, 5*s + 10 = 7*n - 2*n. Suppose -3*d = -7*d + 84. Suppose -w + d = -n. Calculate the remainder when w is divided by 13.
11
Let w(g) = -g. Let t(x) = x**3 - 8*x**2 + 3*x + 3. Let z(p) = t(p) - 5*w(p). Let j(m) = -m**2 + 4*m + 4. What is the remainder when z(7) is divided by j(4)?
2
Let k be (-14)/(-4) + 2/4. Suppose k = -0*q + q. What is the remainder when 13 is divided by q?
1
Suppose -7*a = -3*a + 3*h - 45, -2*h + 6 = 0. Let t = -51 - -92. Let n = t - 24. Calculate the remainder when n is divided by a.
8
Let w = 16 - 10. Suppose -2*p - 6 = 4*v, 4*v = -0*v - p - 11. Let l = v - -15. What is the remainder when l is divided by w?
5
Let z(s) = -7*s. Let l be z(1). Let y = 12 + l. Suppose 2*r = 17 - y. What is the remainder when 10 is divided by r?
4
Let z(i) = -i**2 + 14*i + 39. What is the remainder when 26 is divided by z(16)?
5
Suppose 4*s - 88 = -4*c, -68 = -5*s - 3*c + 38. Calculate the remainder when 59 is divided by s.
19
Suppose 20 = r - 34. Suppose -4*x - r = -2*t, 4*t + 0*x - 130 = -3*x. Calculate the remainder when t is divided by 16/3*3/2 + 3.
9
Let f = -80 - -104. What is the remainder when 94 is divided by f?
22
Let a(o) = o**2 - 2*o + 4. Let r be a(3). Suppose -2*v + r = -37. Calculate the remainder when 64 is divided by v.
20
Let h(u) = -u + 13. Let k be h(7). Suppose 0 = -k*j - 3 + 129. What is the remainder when 60 is divided by j?
18
Let p(l) = 8*l**3 + 5*l - 12. Calculate the remainder when p(3) is divided by 13.
11
Suppose 0 = -k + 3*v + v - 9, -4*v + 3 = -3*k. Suppose 12 = -k*h, -3*j - 5*h - 5 = -3*h. Calculate the remainder when j is divided by 1.
0
Let r = 6 - 12. Let h be (-5)/((-5)/(-4))*-3. Let w = h + r. What is the remainder when w is divided by 4?
2
Let i(n) = -2*n - 2. Let k be i(-4). Suppose k*u = 5*u + 20. What is the remainder when u is divided by 7?
6
Let x = 10 + -20. Let v = 16 + x. What is the remainder when 11 is divided by v?
5
Let m = -18 + 13. Let j be (0 - (-5)/(-2))*-2. What is the remainder when m*(2 - 53/j) is divided by 22?
21
Let t = 5 - 3. Let r = 3 - 2. What is the remainder when t is divided by r?
0
Suppose -z + 7 = -p, 0 = 5*p + 10. Suppose 0 = 3*y + 5*h - 188, 0 = 3*h - z - 7. Suppose 0 = 3*t - 35 - 22. What is the remainder when y is divided by t?
18
Let i = -95 + 207. What is the remainder when i is divided by 29?
25
Calculate the remainder when (-2)/5 + (-642)/(-30) is divided by 5.
1
Suppose h + 5*o + 22 = 0, -18 = -4*h + 5*o - 6. Let l(y) = 26*y**2 - 3*y - 1. Calculate the remainder when l(h) is divided by 28.
25
Let x(y) = 15*y**3 + y**2 - 1. Let n be x(-1). What is the remainder when 48 is divided by (n/6)/((-1)/10)?
23
Let i = 54 + -30. What is the remainder when i is divided by 14?
10
Let d(f) = f + 3. Suppose -5*r + 70 = 5*n, -26 = -n - 7*r + 2*r. Let a(q) = -q**3 - 5*q**2 + q - 3. What is the remainder when a(-6) is divided by d(n)?
13
Let v = 8 - -12. What is the remainder when 31 is divided by v?
11
Suppose 2*s - 3*s = 16. Let i = s + 28. Calculate the remainder when 45 is divided by i.
9
Let w = -86 - -129. Let p = 0 - 5. Let u = 6 - p. Calculate the remainder when w is divided by u.
10
Let c(r) = -r**2 - 5*r + 1. Calculate the remainder when c(-4) is divided by 2.
1
Let v(l) = -l**2 - 8*l + 9. What is the remainder when v(-6) is divided by 6?
3
Let c be (-16)/56 + 46/14. Let f = 7 - c. Calculate the remainder when f is divided by 3.
1
Let u = 1 + 13. What is the remainder when 25 is divided by u?
11
Let x be 26/7 - (-4)/14. Let a(r) = -x - 2 + 1 + 0 + 2*r. What is the remainder when 7 is divided by a(5)?
2
Let x(v) = v**2 + 3*v - 10. What is the remainder when x(8) is divided by 16?
14
Let u(a) = -10*a - 8. Let j(l) = 9*l + 7. Let d(b) = -7*j(b) - 6*u(b). Suppose 0 = -4*y + 18 + 18. What is the remainder when y is divided by d(-2)?
4
Suppose 0 = t - 4, -6*k + 5*k - 4*t + 16 = 0. Suppose k = 3*w - 12 - 21. What is the remainder when w is divided by 4?
3
Suppose -4*p + 5 = 1. Suppose -22 + p = -3*q. Calculate the remainder when q is divided by 2.
1
Suppose -2 - 5 = -b. Let h be (-3 + -9)*2/(-4). Let o = 18 - h. What is the remainder when o is divided by b?
5
Suppose 3*f - 8*f + 490 = 0. What is the remainder when f is divided by 20?
18
Let a = 7 + 0. Suppose -2*f + 0*f = -18. Let k = f + 3. What is the remainder when k is divided by a?
5
Let g = 169 - 120. Calculate the remainder when g is divided by 13.
10
Let n = -2 + 24. Calculate the remainder when n is divided by 12.
10
Suppose -h = 4*p - 23, h - 2 - 6 = p. Calculate the remainder when 42 is divided by h.
9
Calculate the remainder when 1/(492/(-248) - -2) is divided by 32.
30
Let r(y) = 3 + 4 + 4*y + 5*y**2 - 3*y**2. Let f be r(5). Let v = -33 + f. Calculate the remainder when v is divided by 15.
14
Suppose 2*u = 4*h + 14, 4*u - 5*h + 3*h - 40 = 0. What is the remainder when 31 is divided by u?
9
Calculate the remainder when (-2 - 1)/(1/(-2)*2) is divided by 1.
0
Let p = 5 - -10. Calculate the remainder when 27 is divided by p.
12
Let k = -82 - -114. What is the remai